 - 11. Suppose 0 = -41*w + 56*w + 6075. Let t = w - -398. Calculate v(t).
-4
Let m(d) = 3*d - 477 + 952 - 477 - d**2. Let o(g) = g**2 + 8*g - 5. Let i be o(-9). Give m(i).
-6
Let b(v) = -v**2 - 2*v**2 + 877 - 2*v - 437 - 440. Give b(-1).
-1
Let n(i) = i**3 + 5*i**2 - 2*i - 2. Let h = -27 - 12. Let m = h + 44. Suppose 0 = -18*q + 17*q - m. Calculate n(q).
8
Suppose -2*i - 6 = 0, -4*y - 5*i + 18 - 73 = 0. Let x(u) = 2*u**3 + 19*u**2 - 9*u + 11. Let z be x(y). Let m(c) = 2*c**3 + c - 1. Determine m(z).
2
Let r(n) = 2*n - 22. Suppose 85 = 5*m + 55. Let x(p) = 2*p - 21. Let s(t) = m*r(t) - 5*x(t). Let i be s(15). Let f(o) = -4*o - 2. What is f(i)?
-14
Let x(u) = 3*u + 2. Let o(s) = s - 3. Let r(v) = -v**2 + 12*v + 13. Let d(y) = -2*o(y) + r(y). Let b(p) = -d(p) + 6*x(p). What is b(-5)?
-22
Let c(s) = -2*s**2 - s - 2. Let q(m) = 11*m**2 + 18*m. Let v(i) = -5*c(i) - q(i). Calculate v(-13).
10
Let g be (14/(-4))/((-256)/(-1024)). Let u(c) = -c**2 - 9*c + 69. Calculate u(g).
-1
Let r(f) = 6*f**3 + f. Suppose -34 = 55*z - 21*z. Let o be r(z). Let k(t) be the first derivative of t**3/3 + 4*t**2 + 6*t - 1. Calculate k(o).
-1
Let n(f) = 6*f. Let a(v) = 12*v. Let u(b) = 6*a(b) - 11*n(b). Let i = -11 - -28. Suppose i = 4*s + 5. Calculate u(s).
18
Let i(y) = 14*y - 1. Let n = 380 + -1001. Let g = n - -622. Give i(g).
13
Let c(p) = p**3 - 5*p**2 - 3*p - 1. Suppose -456 = -44*r + 644. Suppose r*x - 62 = 88. Calculate c(x).
17
Let z(c) = -5*c**2 + 28*c + 91. Let l be z(8). Let r be -14 + 17 + (0 - 0). Let n(h) = h**r + 9*h + 3*h**2 + 2 - 2*h + 4*h**2 + 5. Determine n(l).
22
Let x(b) = -4*b**3 + b**2 - 2*b - 3. Let g be x(-2). Let l(c) = 40*c**2 - g*c**2 + 81*c**3 - 1 - 82*c**3 + 5 + c. What is l(3)?
7
Let k(u) = 4*u. Let b be (-2 + 0)*10*-2. Suppose 17*m - 942 = -840. Let l be (m/4)/(15/b). Give k(l).
16
Suppose -57*z = 45*z + 1122. Let q(w) = -5*w - 15. Determine q(z).
40
Let c(b) = 11*b - 6. Let m(p) = -13*p + 5. Let i(g) = 7*c(g) + 6*m(g). Let j(o) = -2. Let n(d) = -i(d) + 6*j(d). What is n(-7)?
-7
Let u(i) = 2*i**2 + 5*i + 1. Let c be u(-1). Let n(t) be the third derivative of -t**6/120 - t**5/15 - t**4/12 + t**3/6 - 2*t**2 - 12. Give n(c).
-3
Let w = 30123 + -30134. Let g(i) = -i**2 - 12*i + 9. What is g(w)?
20
Let s(v) = v**3 - v**2 - v - 2. Let p(c) = -7*c**3 + 16*c**2 + 6*c + 24. Let n(o) = -p(o) - 6*s(o). Calculate n(10).
-12
Let k(s) = -s**3 - 8*s**2 + 9*s - 8. Let x = 70 + -65. Suppose -5 = 5*t + x, -j = 3*t - 30. Suppose j = -20*m + 16*m. Determine k(m).
-8
Let p(o) be the third derivative of o**5/120 - 7*o**4/24 + 65*o**3/6 - 5*o**2. Let k(h) be the first derivative of p(h). Calculate k(9).
2
Suppose -5*m + 14 = -16. Suppose 9 = -3*j + m*j + 3*t, -8 = -3*j - 4*t. Let p(h) be the first derivative of -h**4/4 + 5*h**3/3 - 2*h**2 - h + 294. What is p(j)?
-1
Let h(s) = -s**2 - 14*s + 5. Let g = -478 + 562. Suppose -42*u + 36*u - g = 0. Calculate h(u).
5
Let g(k) be the first derivative of k**7/840 - k**6/36 + 11*k**5/120 - 11*k**4/24 + 23*k**3/3 - 56. Let x(m) be the third derivative of g(m). What is x(9)?
7
Let a(h) = 8. Let r(c) = -3*c + 12 - 3 + 0*c + 4*c. Let b(u) = 4*a(u) - 3*r(u). Calculate b(5).
-10
Let a(z) be the first derivative of -z**2/2 + 15*z - 2416. Determine a(5).
10
Let w = 36 + -33. Let u be -30*(10/(-3) + w). Let o(i) = -4*i - 3*i - 3 + u*i. What is o(6)?
15
Let x(a) = 8*a - 5. Let n(h) = h**2 + 14*h - 113. Let g be n(-21). Suppose 10*q - 96 = g*q. What is x(q)?
-37
Let l(g) = 613*g - 1834. Let p be l(3). Let o(t) be the third derivative of 1/60*t**p - 27*t**2 + 0*t**4 - 1/6*t**3 + 0 + 0*t. What is o(-1)?
0
Suppose -638 - 1226 = 268*o + 548. Let w(l) = l**3 + 9*l**2 + l + 16. Calculate w(o).
7
Let d(x) = x**2 - 4*x - 1. Suppose 3*n - 5*t - 27 = 0, n = -6*t + 4*t - 2. Suppose n*v + 29 - 29 = 0. Suppose -3*b - 65 + 74 = v. Calculate d(b).
-4
Let p(s) = -s**3 - 8*s**2 - 5*s + 5. Let t = 413 - 371. Suppose 72*u - 66*u + t = 0. Calculate p(u).
-9
Let m(k) = -k**2 + 339*k - 165*k + 2 - 170*k. Let h = -117 + 124. Determine m(h).
-19
Let o(s) be the third derivative of -s**4/24 + 35*s**3/6 + 25*s**2 - 56. Give o(9).
26
Let b(j) = j + 4. Suppose -5*u - 3*p = -190, -6*u + 4*p = -2*u - 152. Suppose -2*v + 4*g - 30 = 0, 0 = 4*v + 2*g + u - 8. What is b(v)?
-5
Let d(o) be the first derivative of -5*o**4/2 - o**2/2 + 101. Let r = 2 + -1. What is d(r)?
-11
Let s(k) be the first derivative of -k**4/4 + 7*k**3/3 - 9*k**2/2 - 8*k + 405. What is s(7)?
-71
Let a = -853 + 398. Let f be 2 + a/(-49) + 4/(-14). Let s(d) = -f + 0*d**2 - 3*d**2 - d**2 + 10 - 2*d. What is s(-1)?
-3
Let q(s) = s**3 + 4*s**2 - 5*s + 1. Let n(k) = k**2 - k - 2. Let x(o) = -5*o**2 - 3*o + 2. Let d(w) = -4*n(w) - x(w). Let i be d(-5). Determine q(i).
21
Let q(o) = -810 + 4*o**2 - o**3 + 8*o - 810 + 1615. What is q(6)?
-29
Let c(o) = 6 + 2 + 2*o - 2 + 4*o. Let p(b) = 7*b + 6. Let s be ((-35)/(-14))/(2/(-4)). Let z(w) = s*c(w) + 4*p(w). Give z(-5).
4
Let m(h) = -h**3 + 16*h**2 + 20*h - 5. Let x be ((-442)/(-14 - -27))/(0 + -2). Calculate m(x).
46
Let s(o) be the second derivative of 1/20*o**5 + 9/4*o**4 - 27*o + 0 + 0*o**3 + 0*o**2 - 1/180*o**6. Let i(q) be the third derivative of s(q). What is i(8)?
-26
Let f(r) = 19*r + 1. Let w(b) = b**3 - 8*b**2 + b - 3. Let t be w(8). Let x(o) = 16*o. Let a(u) = t*f(u) - 6*x(u). What is a(8)?
-3
Suppose -2*j + 2*x = 16, 2*x - 2 + 0 = 0. Let y(k) = k**3 + 6*k**2 - 3*k - 4. Let a be y(j). Let r = a + 37. Let g(o) = o**2 - 6*o + 1. Determine g(r).
-4
Let s(r) = -3*r**2 + 76*r + 55. Let a be s(26). Let p(b) = 13 - 82 + 23 - a*b. Determine p(-15).
-1
Let v(t) = -t**3 + 7*t**2 - 9*t + 1. Let f(m) = -53*m - 206. Let u be f(-4). Calculate v(u).
-17
Let b(w) be the third derivative of w**6/120 - 7*w**5/10 + w**4/12 - 17*w**3 + 6748*w**2. Determine b(42).
-18
Let p(q) = 11504*q + 89 - 23014*q + 11505*q. Determine p(16).
9
Let x(b) be the third derivative of 0*b**4 + 0*b - 27*b**2 + 0 - 1/120*b**5 - 1/45*b**6 + 17/6*b**3. Let n(a) be the first derivative of x(a). Calculate n(-1).
-7
Let r(l) = 9*l + 0*l**2 + 11 + 11*l**2 - 3*l**3 + 2*l**3 - 4*l**2 - 14. What is r(6)?
87
Let p be 1 - 26/3 - 4/12. Let a(i) = -4*i - 4. Let x(r) = -28*r - 52. Let v(h) = 6*a(h) - x(h). Give v(p).
-4
Let i be ((-13)/26)/(3/(-12)). Let a(c) = 4*c**2 - c**3 - 1034 + 1029 + 3*c**i + 8*c. Determine a(8).
-5
Let m = -20 - -20. Suppose 4*i = -18*b + 23*b - 34, m = -3*b + 6. Let s(n) = 2*n + 17. Determine s(i).
5
Let l(t) = -t**2 + 41*t - 211. Let q be (148/12 + -9)/((-6)/(-63)). What is l(q)?
-1
Let u be 0 - (1 + 5 + -8). Let h(n) = 3*n**3 + 7*n**2 + 12*n. Let s(l) = -4*l**3 - 6*l**2 - 12*l. Let m(o) = u*s(o) + 3*h(o). Calculate m(-8).
-32
Let j(z) = -z. Suppose -3*b - 452 - 214 = 3*u, 0 = -3*u - 2*b - 663. Let c = -226 - u. Give j(c).
7
Let y(w) = w**2 - 5*w + 4. Suppose 8*j - 6 = 6*j. Suppose -12*x = -9*x - 81. Suppose j*n = -3*p + x, -n = 2*p - 8 - 5. Give y(p).
0
Let g(i) = -3*i**2 + 17*i + 16. Let p(a) = 2*a**2 - 9*a - 8. Let h(d) = 3*g(d) + 5*p(d). Let b(m) = -164*m - 9846. Let v be b(-60). What is h(v)?
8
Let i(j) = -12*j + 237. Let x(k) = 4*k**3 - 24*k**2 - 37*k + 242. Let o be x(6). Calculate i(o).
-3
Let v(h) = 5*h**3 - 27*h**2 + 9*h - 2. Suppose 3*g + g - 14*s = 48, -6 = 3*s. Give v(g).
-7
Let q(x) = -2*x + 87. Let t(i) = 5*i - 205. Let n(s) = 7*q(s) + 3*t(s). Suppose -14 = 5*m - 4. Calculate n(m).
-8
Let a(g) = 3*g**3 - 4*g**2 - 7*g - 6. Let d(u) = 2*u**3 - 4*u**3 + u + 1 + u**2 + 0*u**3 + 3*u**3. Let m(v) = a(v) + 6*d(v). What is m(1)?
10
Suppose 28 = 4*l + 2*d, -4*l + 4 = -4*d - 0. Let f(h) = -h + 11. Let r be f(l). Let u(t) = -6 - t - t + 15. Give u(r).
-3
Let c(a) = 4*a**3 + 49*a**2 + 8*a - 47. Let y be c(-12). Let p(v) be the first derivative of 17*v**4/2 - v**3/3 - v**2/2 + v - 12. Determine p(y).
33
Let i(w) = -2*w**2 + 2*w + 1. Let d(r) = -r**2 - 5*r + 18. Let z = -29 + 22. Let j be d(z). Suppose 3*t - j = 5. What is i(t)?
-11
Let f(t) = 4*t + 8. Let s = -21 + 26. Suppose 0 = -2*d - s*d. Suppose b + d*b + 6 = 0. What is f(b)?
-16
Let b(c) = -1363*c + 409 + 2721*c - 1377*c. Calculate b(21).
10
Suppose -803 = -5*j + 102. Let n = j - 180. Let w(h) = h. Let m(p) = 18*p + 1. Let o(r) = m(r) - 2*w(r). Calculate o(n).
17
Suppose 0 = -4*t - 3*m + 4 + 2, 6 = 5*t + 3*m. L